{"id":4671,"date":"2023-09-29T20:16:49","date_gmt":"2023-09-29T20:16:49","guid":{"rendered":"http:\/\/elsolfestival.pl\/artist\/karel-flores-bruno-rodriguez\/"},"modified":"2026-04-22T22:08:34","modified_gmt":"2026-04-22T20:08:34","slug":"karel-flores","status":"publish","type":"artist","link":"http:\/\/elsolfestival.pl\/pl\/speaker\/karel-flores-bruno-rodriguez\/","title":{"rendered":"Karel Flores"},"content":{"rendered":"<p>Karel Flores jest tancerk\u0105, choreografk\u0105, s\u0119dzi\u0105 konkursowym, instruktork\u0105 i za\u0142o\u017cycielk\u0105 Karel Flores World, globalnej franczyzy tanecznej sk\u0142adaj\u0105cej si\u0119 z zespo\u0142\u00f3w ta\u0144cz\u0105cych sals\u0119 w Stanach Zjednoczonych, Ameryce Po\u0142udniowej, Europie i Azji, kt\u00f3rej celem jest wzmocnienie pozycji kobiet poprzez taniec.<\/p>\n<p>Urodzona w rodzinie artyst\u00f3w w Meksyku, Karel rozpocz\u0119\u0142a swoj\u0105 karier\u0119 jako aktorka w telenowelach, hiszpa\u0144skoj\u0119zycznych operach mydlanych.  Od najm\u0142odszych lat mia\u0142a silne powo\u0142anie do sztuki i ta\u0144ca, zawsze uczestnicz\u0105c w zespo\u0142ach tanecznych w szkole, od jazzu po taniec hawajski i cheerleading.  Jako nastolatka Karel otrzyma\u0142a wyj\u0105tkowe zaproszenie do trenowania z jednym z najlepszych zespo\u0142\u00f3w salsy na \u015bwiecie Yamule\u00e9 Dance Company. Bez wahania i na w\u0142asn\u0105 r\u0119k\u0119 Karel spakowa\u0142a walizki, przeprowadzi\u0142a si\u0119 do Nowego Jorku i wkr\u00f3tce zosta\u0142a g\u0142\u00f3wn\u0105 tancerk\u0105 zespo\u0142u.  Po o\u015bmiu latach wyst\u0119p\u00f3w i nauczania w Yamule\u00e9 Dance Company, Karel rozpocz\u0119\u0142a samodzieln\u0105 karier\u0119 jako artystka solowa.<br \/>\nJako solowa artystka salsowa, Karel wyst\u0119powa\u0142a i naucza\u0142a w ponad 60 krajach na 6 kontynentach i s\u0142u\u017cy\u0142a jako s\u0119dzia na wszystkich najwa\u017cniejszych konkursach salsowych na \u015bwiecie.<br \/>\nPonadto Karel by\u0142a prezentowana przez Lincoln Center w Nowym Jorku, New York Times i magazyn Cosmopolitan.<br \/>\nUnikalne po\u0142\u0105czenie salsy NY Style on2, ta\u0144ca wsp\u00f3\u0142czesnego, afro cuban i pachangi sprawi\u0142o, \u017ce Karel jest jedn\u0105 z najbardziej poszukiwanych instruktorek na ca\u0142ym \u015bwiecie.<\/p>\n<p>Bruno Rodriguez urodzi\u0142 si\u0119 i wychowa\u0142 w Puerto Rico, Bruno rozpocz\u0105\u0142 trening salsy w wieku 9 lat pod kierunkiem Julie Mayoral, Nalliene Velez i Jaysona Moliny. W wieku 11 lat zdoby\u0142 swoje pierwsze mistrzostwo \u015bwiata junior\u00f3w, a w wieku 14 lat rozpocz\u0105\u0142 treningi jazzowe. Po zdobyciu pierwszego tytu\u0142u zawodowego solisty w 2014 roku, Bruno przeni\u00f3s\u0142 si\u0119 na Penn State University, aby uzyska\u0107 tytu\u0142 magistra chemii kryminalistycznej, gdzie by\u0142 tak\u017ce choreografem i dyrektorem zespo\u0142u wykonawczego Penn State Ballet Club. Nast\u0119pnie przeni\u00f3s\u0142 si\u0119 do Nowego Jorku w 2017 roku, aby kontynuowa\u0107 karier\u0119 akademick\u0105 i taneczn\u0105 w salsie. Bruno zdoby\u0142 sw\u00f3j drugi tytu\u0142 solisty w 2018 roku na Mi\u0119dzynarodowych Mistrzostwach La Negra w Hiszpanii i rozpocz\u0105\u0142 profesjonaln\u0105 wsp\u00f3\u0142prac\u0119 z Karel Flores w 2018 roku. W grudniu 2022 r. Bruno uzyska\u0142 tytu\u0142 doktora mikrobiologii w NYU School of Medicine, podr\u00f3\u017cuj\u0105c i ucz\u0105c u boku Karel Flores na wielu mi\u0119dzynarodowych wydarzeniach salsowych.<\/p>","protected":false},"featured_media":6345,"menu_order":0,"template":"","meta":{"inline_featured_image":false,"site-sidebar-layout":"default","site-content-layout":"","ast-site-content-layout":"","site-content-style":"default","site-sidebar-style":"default","ast-global-header-display":"","ast-banner-title-visibility":"","ast-main-header-display":"","ast-hfb-above-header-display":"","ast-hfb-below-header-display":"","ast-hfb-mobile-header-display":"","site-post-title":"","ast-breadcrumbs-content":"","ast-featured-img":"","footer-sml-layout":"","theme-transparent-header-meta":"","adv-header-id-meta":"","stick-header-meta":"","header-above-stick-meta":"","header-main-stick-meta":"","header-below-stick-meta":"","astra-migrate-meta-layouts":""},"acf":[],"_links":{"self":[{"href":"http:\/\/elsolfestival.pl\/pl\/wp-json\/wp\/v2\/artist\/4671"}],"collection":[{"href":"http:\/\/elsolfestival.pl\/pl\/wp-json\/wp\/v2\/artist"}],"about":[{"href":"http:\/\/elsolfestival.pl\/pl\/wp-json\/wp\/v2\/types\/artist"}],"wp:featuredmedia":[{"embeddable":true,"href":"http:\/\/elsolfestival.pl\/pl\/wp-json\/wp\/v2\/media\/6345"}],"wp:attachment":[{"href":"http:\/\/elsolfestival.pl\/pl\/wp-json\/wp\/v2\/media?parent=4671"}],"curies":[{"name":"wp","href":"https:\/\/api.w.org\/{rel}","templated":true}]}}

<p>Karel Flores jest tancerką, choreografką, sędzią konkursowym, instruktorką i założycielką Karel Flores World, globalnej franczyzy tanecznej składającej się z zespołów tańczących salsę w Stanach Zjednoczonych, Ameryce Południowej, Europie i Azji, której celem jest wzmocnienie pozycji kobiet poprzez taniec.</p>
<p>Urodzona w rodzinie artystów w Meksyku, Karel rozpoczęła swoją karierę jako aktorka w telenowelach, hiszpańskojęzycznych operach mydlanych.  Od najmłodszych lat miała silne powołanie do sztuki i tańca, zawsze uczestnicząc w zespołach tanecznych w szkole, od jazzu po taniec hawajski i cheerleading.  Jako nastolatka Karel otrzymała wyjątkowe zaproszenie do trenowania z jednym z najlepszych zespołów salsy na świecie Yamuleé Dance Company. Bez wahania i na własną rękę Karel spakowała walizki, przeprowadziła się do Nowego Jorku i wkrótce została główną tancerką zespołu.  Po ośmiu latach występów i nauczania w Yamuleé Dance Company, Karel rozpoczęła samodzielną karierę jako artystka solowa.<br />
Jako solowa artystka salsowa, Karel występowała i nauczała w ponad 60 krajach na 6 kontynentach i służyła jako sędzia na wszystkich najważniejszych konkursach salsowych na świecie.<br />
Ponadto Karel była prezentowana przez Lincoln Center w Nowym Jorku, New York Times i magazyn Cosmopolitan.<br />
Unikalne połączenie salsy NY Style on2, tańca współczesnego, afro cuban i pachangi sprawiło, że Karel jest jedną z najbardziej poszukiwanych instruktorek na całym świecie.</p>
<p>Bruno Rodriguez urodził się i wychował w Puerto Rico, Bruno rozpoczął trening salsy w wieku 9 lat pod kierunkiem Julie Mayoral, Nalliene Velez i Jaysona Moliny. W wieku 11 lat zdobył swoje pierwsze mistrzostwo świata juniorów, a w wieku 14 lat rozpoczął treningi jazzowe. Po zdobyciu pierwszego tytułu zawodowego solisty w 2014 roku, Bruno przeniósł się na Penn State University, aby uzyskać tytuł magistra chemii kryminalistycznej, gdzie był także choreografem i dyrektorem zespołu wykonawczego Penn State Ballet Club. Następnie przeniósł się do Nowego Jorku w 2017 roku, aby kontynuować karierę akademicką i taneczną w salsie. Bruno zdobył swój drugi tytuł solisty w 2018 roku na Międzynarodowych Mistrzostwach La Negra w Hiszpanii i rozpoczął profesjonalną współpracę z Karel Flores w 2018 roku. W grudniu 2022 r. Bruno uzyskał tytuł doktora mikrobiologii w NYU School of Medicine, podróżując i ucząc u boku Karel Flores na wielu międzynarodowych wydarzeniach salsowych.</p>
