{"id":4723,"date":"2023-09-29T20:16:53","date_gmt":"2023-09-29T20:16:53","guid":{"rendered":"http:\/\/elsolfestival.pl\/artist\/dj-sezar\/"},"modified":"2025-10-22T17:01:34","modified_gmt":"2025-10-22T15:01:34","slug":"dj-sezar","status":"publish","type":"artist","link":"https:\/\/elsolfestival.pl\/pl\/speaker\/dj-sezar\/","title":{"rendered":"DJ Sezar"},"content":{"rendered":"<p>\"DJ Sezar rozpocz\u0105\u0142 DJ-ing w m\u0142odym wieku zaledwie 15 lat. Zacz\u0105\u0142 od hip-hopu i R'n'B, a p\u00f3\u017aniej od r\u00f3\u017cnych odmian Trance, Jazz i Latin house. Oko\u0142o 2003 roku zaj\u0105\u0142 si\u0119 sals\u0105 i inn\u0105 muzyk\u0105 latynosk\u0105.<br \/>\nJego pierwszy mi\u0119dzynarodowy booking DJ-ski mia\u0142 miejsce w 2005 roku i od tego czasu jego reputacja szybko ro\u015bnie na arenie mi\u0119dzynarodowej. Jest elastyczny i pracuje z parkietem, daj\u0105c tancerzom r\u00f3\u017cne improwizowane sety muzyczne. Jego przyjemne, zr\u00f3\u017cnicowane sety sprawi\u0105, \u017ce b\u0119dziesz ta\u0144czy\u0107 przez ca\u0142\u0105 noc.<br \/>\n\"Wybieram muzyk\u0119 oczami i sercem po\u0142\u0105czonymi z parkietem.<br \/>\nGram tak, aby jak najwi\u0119cej porusza\u0107 si\u0119 po parkiecie.<br \/>\nNie gram dla siebie ani dla jednostek.... Chodzi o imprez\u0119 i jej ludzi!!!<\/p>\n<p>Co wa\u017cne, gram dla obecnych i by\u0142ych muzyk\u00f3w. Niech B\u00f3g b\u0142ogos\u0142awi ich wszystkich.<br \/>\nJu\u017c dawno temu zosta\u0142em pob\u0142ogos\u0142awiony prac\u0105 z muzyk\u0105. Taniec by\u0142 cz\u0119\u015bci\u0105 mojej m\u0142odo\u015bci odk\u0105d sko\u0144czy\u0142em 14 lat. Wtedy z Hip Hopem i kilkoma ruchami Break-dance... naturalnie daj\u0105c mi poczucie z muzyk\u0105 zacz\u0105\u0142em wcze\u015bnie rozwija\u0107 siln\u0105 pasj\u0119 do r\u00f3\u017cnych gatunk\u00f3w.... coraz silniejsze i silniejsze to wszystko sta\u0142o si\u0119 i zacz\u0105\u0142em gra\u0107 na kilku ma\u0142ych imprezach w pobli\u017cu mojej okolicy.<\/p>\n<p>P\u00f3\u017aniej mia\u0142em przerw\u0119 od DJ-owania przez oko\u0142o 4-5 lat, a nast\u0119pnie pod koniec lat 90-tych, kiedy Trance House zyska\u0142 du\u017c\u0105 popularno\u015b\u0107 w Oslo, zaadaptowa\u0142em te nowe melodie i ponownie pasjonowa\u0142em si\u0119 DJ-owaniem do tych agresywnych bit\u00f3w...., a nast\u0119pnie do latynoskich melodii house...., po czym nast\u0105pi\u0142a kolejna kilkuletnia przerwa. Pomy\u015bla\u0142em, \u017ce t\u0119 cz\u0119\u015b\u0107 mojego \u017cycia DJ-a mog\u0119 po prostu od\u0142o\u017cy\u0107 i zostawi\u0107.<br \/>\nW 2001 roku zacz\u0105\u0142em uczy\u0107 si\u0119 podstawowych krok\u00f3w salsy... by\u0142em podekscytowany i zahipnotyzowany tym partnerskim ta\u0144cem. Uzale\u017cni\u0142em si\u0119 i p\u00f3\u017aniej zacz\u0105\u0142em cieszy\u0107 si\u0119, kupowa\u0107 i kolekcjonowa\u0107 t\u0119 niesamowit\u0105 muzyk\u0119. Oko\u0142o 2004 roku zacz\u0105\u0142em gra\u0107 w klubach i na imprezach towarzyskich w Oslo, a moja pierwsza mi\u0119dzynarodowa praca mia\u0142a miejsce w G\u00f6teborgu w 2005 roku. Dopiero w 2009 roku po raz pierwszy wyst\u0105pi\u0142em poza Skandynawi\u0105 na Warsaw Salsa Festival.<br \/>\n2010 - 4 festiwale<br \/>\n2011 - 9 festiwali<br \/>\n2013 - odby\u0142em 26 lot\u00f3w mi\u0119dzynarodowych, graj\u0105c na festiwalach lub po prostu weekendowych imprezach....... potem po prostu przesta\u0142em liczy\u0107!!!<\/p>\n<p>Czuj\u0119 si\u0119 bardzo szcz\u0119\u015bliwy, \u017ce mog\u0119 kontynuowa\u0107 prac\u0119 z muzyk\u0105 i sprawia\u0107, \u017ce ludzie ciesz\u0105 si\u0119 ni\u0105 i ta\u0144cz\u0105. Zawsze robi\u0119 wszystko, co w mojej mocy, aby poprawi\u0107 i pracowa\u0107 z muzyk\u0105 i tancerzami. Nie ma znaczenia, czy gram w Mambo, Cuban, Bachata czy w after party room.... moim celem jest zawsze by\u0107 elastycznym.<br \/>\nZaj\u0119\u0142o mi to lata r\u00f3\u017cnych dobrych i z\u0142ych do\u015bwiadcze\u0144 i ci\u0119\u017ckiej pracy, ale to jeszcze nie koniec..... Jestem gotowy na kolejne lata i zawsze b\u0119d\u0119 dba\u0142 i stara\u0142 si\u0119 jak najlepiej s\u0142ucha\u0107 ludzi z kabiny DJ-a.<\/p>\n<p>Kocham muzyk\u0119, kocham ta\u0144czy\u0107 i nigdy nie przestan\u0119 docenia\u0107 muzyk\u00f3w.      \"<\/p>","protected":false},"featured_media":4652,"menu_order":0,"template":"","meta":{"inline_featured_image":false,"site-sidebar-layout":"default","site-content-layout":"","ast-site-content-layout":"","site-content-style":"default","site-sidebar-style":"default","ast-global-header-display":"","ast-banner-title-visibility":"","ast-main-header-display":"","ast-hfb-above-header-display":"","ast-hfb-below-header-display":"","ast-hfb-mobile-header-display":"","site-post-title":"","ast-breadcrumbs-content":"","ast-featured-img":"","footer-sml-layout":"","theme-transparent-header-meta":"","adv-header-id-meta":"","stick-header-meta":"","header-above-stick-meta":"","header-main-stick-meta":"","header-below-stick-meta":"","astra-migrate-meta-layouts":""},"acf":[],"_links":{"self":[{"href":"https:\/\/elsolfestival.pl\/pl\/wp-json\/wp\/v2\/artist\/4723"}],"collection":[{"href":"https:\/\/elsolfestival.pl\/pl\/wp-json\/wp\/v2\/artist"}],"about":[{"href":"https:\/\/elsolfestival.pl\/pl\/wp-json\/wp\/v2\/types\/artist"}],"wp:featuredmedia":[{"embeddable":true,"href":"https:\/\/elsolfestival.pl\/pl\/wp-json\/wp\/v2\/media\/4652"}],"wp:attachment":[{"href":"https:\/\/elsolfestival.pl\/pl\/wp-json\/wp\/v2\/media?parent=4723"}],"curies":[{"name":"wp","href":"https:\/\/api.w.org\/{rel}","templated":true}]}}

<p>"DJ Sezar rozpoczął DJ-ing w młodym wieku zaledwie 15 lat. Zaczął od hip-hopu i R'n'B, a później od różnych odmian Trance, Jazz i Latin house. Około 2003 roku zajął się salsą i inną muzyką latynoską.<br />
Jego pierwszy międzynarodowy booking DJ-ski miał miejsce w 2005 roku i od tego czasu jego reputacja szybko rośnie na arenie międzynarodowej. Jest elastyczny i pracuje z parkietem, dając tancerzom różne improwizowane sety muzyczne. Jego przyjemne, zróżnicowane sety sprawią, że będziesz tańczyć przez całą noc.<br />
"Wybieram muzykę oczami i sercem połączonymi z parkietem.<br />
Gram tak, aby jak najwięcej poruszać się po parkiecie.<br />
Nie gram dla siebie ani dla jednostek.... Chodzi o imprezę i jej ludzi!!!</p>
<p>Co ważne, gram dla obecnych i byłych muzyków. Niech Bóg błogosławi ich wszystkich.<br />
Już dawno temu zostałem pobłogosławiony pracą z muzyką. Taniec był częścią mojej młodości odkąd skończyłem 14 lat. Wtedy z Hip Hopem i kilkoma ruchami Break-dance... naturalnie dając mi poczucie z muzyką zacząłem wcześnie rozwijać silną pasję do różnych gatunków.... coraz silniejsze i silniejsze to wszystko stało się i zacząłem grać na kilku małych imprezach w pobliżu mojej okolicy.</p>
<p>Później miałem przerwę od DJ-owania przez około 4-5 lat, a następnie pod koniec lat 90-tych, kiedy Trance House zyskał dużą popularność w Oslo, zaadaptowałem te nowe melodie i ponownie pasjonowałem się DJ-owaniem do tych agresywnych bitów...., a następnie do latynoskich melodii house...., po czym nastąpiła kolejna kilkuletnia przerwa. Pomyślałem, że tę część mojego życia DJ-a mogę po prostu odłożyć i zostawić.<br />
W 2001 roku zacząłem uczyć się podstawowych kroków salsy... byłem podekscytowany i zahipnotyzowany tym partnerskim tańcem. Uzależniłem się i później zacząłem cieszyć się, kupować i kolekcjonować tę niesamowitą muzykę. Około 2004 roku zacząłem grać w klubach i na imprezach towarzyskich w Oslo, a moja pierwsza międzynarodowa praca miała miejsce w Göteborgu w 2005 roku. Dopiero w 2009 roku po raz pierwszy wystąpiłem poza Skandynawią na Warsaw Salsa Festival.<br />
2010 - 4 festiwale<br />
2011 - 9 festiwali<br />
2013 - odbyłem 26 lotów międzynarodowych, grając na festiwalach lub po prostu weekendowych imprezach....... potem po prostu przestałem liczyć!!!</p>
<p>Czuję się bardzo szczęśliwy, że mogę kontynuować pracę z muzyką i sprawiać, że ludzie cieszą się nią i tańczą. Zawsze robię wszystko, co w mojej mocy, aby poprawić i pracować z muzyką i tancerzami. Nie ma znaczenia, czy gram w Mambo, Cuban, Bachata czy w after party room.... moim celem jest zawsze być elastycznym.<br />
Zajęło mi to lata różnych dobrych i złych doświadczeń i ciężkiej pracy, ale to jeszcze nie koniec..... Jestem gotowy na kolejne lata i zawsze będę dbał i starał się jak najlepiej słuchać ludzi z kabiny DJ-a.</p>
<p>Kocham muzykę, kocham tańczyć i nigdy nie przestanę doceniać muzyków.      "</p>
