{"id":4728,"date":"2023-09-29T20:16:53","date_gmt":"2023-09-29T20:16:53","guid":{"rendered":"http:\/\/elsolfestival.pl\/artist\/dj-mauri\/"},"modified":"2025-10-22T17:00:23","modified_gmt":"2025-10-22T15:00:23","slug":"dj-mauri","status":"publish","type":"artist","link":"https:\/\/elsolfestival.pl\/pl\/speaker\/dj-mauri\/","title":{"rendered":"DJ Mauri"},"content":{"rendered":"<p>DJ Mauri jest uznawany za jednego z najbardziej do\u015bwiadczonych DJ-\u00f3w w spo\u0142eczno\u015bci salsowej. Jego kariera DJ-a rozpocz\u0119\u0142a si\u0119 w 1996 roku, kiedy zosta\u0142 poproszony o zast\u0105pienie DJ-a-rezydenta ma\u0142ej kawiarni w Amsterdamie. Od tego czasu jego kariera DJ-ska nabra\u0142a rozp\u0119du, staj\u0105c si\u0119 g\u0142\u00f3wnym DJ-em jednych z najwi\u0119kszych imprez salsowych w Europie, DJ-em-rezydentem r\u00f3\u017cnych kongres\u00f3w na ca\u0142ym \u015bwiecie i kompilatorem r\u00f3\u017cnych p\u0142yt CD z sals\u0105. W\u015br\u00f3d wielu innych jest DJ-em-rezydentem Mamboland (W\u0142ochy i Kanada), Salsitaly, Marrakech Salsa Congress i Salsa Spring Festival (najwi\u0119kszy festiwal w Grecji).<br \/>\nMieszkaj\u0105cy w Atenach DJ Mauri nie ogranicza si\u0119 do jednego stylu salsy; uwielbia wszystkie style i r\u00f3wnie dobrze czuje si\u0119 graj\u0105c Mambo, Salsa Romantica, kuba\u0144sk\u0105 lub inne gatunki. Jego znakiem rozpoznawczym jest niesamowita umiej\u0119tno\u015b\u0107 odczytywania t\u0142umu, wiedz\u0105c, kiedy zagra\u0107 odpowiednie salsowe groove'y, a kiedy zmieni\u0107 je na inne gatunki, aby t\u0142um by\u0142 zadowolony i rozbawiony. Jest ulubie\u0144cem organizator\u00f3w imprez, tancerzy i mi\u0142o\u015bnik\u00f3w muzyki ze wzgl\u0119du na sw\u00f3j talent DJ-a, uczciwo\u015b\u0107 w pracy i towarzysko\u015b\u0107.<br \/>\nOpr\u00f3cz pracy jako DJ, DJ Mauri jest cz\u0119sto proszony o prowadzenie popularnych warsztat\u00f3w \"Historia salsy\" na imprezach na ca\u0142ym \u015bwiecie. Jego pasj\u0105 jest nie tylko dzielenie si\u0119 muzyk\u0105, ale tak\u017ce uczenie ludzi o kulturze salsy.<\/p>","protected":false},"featured_media":6169,"menu_order":0,"template":"","meta":{"inline_featured_image":false,"site-sidebar-layout":"default","site-content-layout":"","ast-site-content-layout":"","site-content-style":"default","site-sidebar-style":"default","ast-global-header-display":"","ast-banner-title-visibility":"","ast-main-header-display":"","ast-hfb-above-header-display":"","ast-hfb-below-header-display":"","ast-hfb-mobile-header-display":"","site-post-title":"","ast-breadcrumbs-content":"","ast-featured-img":"","footer-sml-layout":"","theme-transparent-header-meta":"","adv-header-id-meta":"","stick-header-meta":"","header-above-stick-meta":"","header-main-stick-meta":"","header-below-stick-meta":"","astra-migrate-meta-layouts":""},"acf":[],"_links":{"self":[{"href":"https:\/\/elsolfestival.pl\/pl\/wp-json\/wp\/v2\/artist\/4728"}],"collection":[{"href":"https:\/\/elsolfestival.pl\/pl\/wp-json\/wp\/v2\/artist"}],"about":[{"href":"https:\/\/elsolfestival.pl\/pl\/wp-json\/wp\/v2\/types\/artist"}],"wp:featuredmedia":[{"embeddable":true,"href":"https:\/\/elsolfestival.pl\/pl\/wp-json\/wp\/v2\/media\/6169"}],"wp:attachment":[{"href":"https:\/\/elsolfestival.pl\/pl\/wp-json\/wp\/v2\/media?parent=4728"}],"curies":[{"name":"wp","href":"https:\/\/api.w.org\/{rel}","templated":true}]}}

<p>DJ Mauri jest uznawany za jednego z najbardziej doświadczonych DJ-ów w społeczności salsowej. Jego kariera DJ-a rozpoczęła się w 1996 roku, kiedy został poproszony o zastąpienie DJ-a-rezydenta małej kawiarni w Amsterdamie. Od tego czasu jego kariera DJ-ska nabrała rozpędu, stając się głównym DJ-em jednych z największych imprez salsowych w Europie, DJ-em-rezydentem różnych kongresów na całym świecie i kompilatorem różnych płyt CD z salsą. Wśród wielu innych jest DJ-em-rezydentem Mamboland (Włochy i Kanada), Salsitaly, Marrakech Salsa Congress i Salsa Spring Festival (największy festiwal w Grecji).<br />
Mieszkający w Atenach DJ Mauri nie ogranicza się do jednego stylu salsy; uwielbia wszystkie style i równie dobrze czuje się grając Mambo, Salsa Romantica, kubańską lub inne gatunki. Jego znakiem rozpoznawczym jest niesamowita umiejętność odczytywania tłumu, wiedząc, kiedy zagrać odpowiednie salsowe groove'y, a kiedy zmienić je na inne gatunki, aby tłum był zadowolony i rozbawiony. Jest ulubieńcem organizatorów imprez, tancerzy i miłośników muzyki ze względu na swój talent DJ-a, uczciwość w pracy i towarzyskość.<br />
Oprócz pracy jako DJ, DJ Mauri jest często proszony o prowadzenie popularnych warsztatów "Historia salsy" na imprezach na całym świecie. Jego pasją jest nie tylko dzielenie się muzyką, ale także uczenie ludzi o kulturze salsy.</p>
